i(a) = -5*a**3 - 24*a**2 - 17*a - 27. Let u(r) = -8*b(r) - 5*i(r). Suppose -4118 + 4030 = -11*o. Determine u(o).
-33
Let f(o) = -o**3 + o**2 + 3*o - 3. Let s = -49 - -45. Let k be (23 + 0)/(3 + s). Let r = k - -25. What is f(r)?
-1
Let h(u) be the second derivative of -u**3/2 + 5*u**2/2 + 9*u + 2. Give h(-2).
11
Let w(l) be the second derivative of l**4/12 + l**3/3 + l**2/2 - 2660*l. Let h = 11 - 18. Give w(h).
36
Let o(w) = -14 + 29*w - 6*w - 14*w - w**3 - 9*w. Determine o(-4).
50
Let m(i) = i**3 + 6*i**2 - 8*i + 12. Let r(k) = k**3 - 13*k**2 - 266*k + 41. Let l be r(24). What is m(l)?
19
Let k(g) be the first derivative of -13*g**4/24 - 5*g**2 - g - 53. Let p(z) be the second derivative of k(z). Determine p(1).
-13
Let d(q) be the first derivative of -q**2/2 - 12*q + 1. Let l = -3584 + 3584. Calculate d(l).
-12
Let p be (-5)/1*(18 + -15). Let f(v) = 16*v + 235. Let a be f(p). Let n(i) = i**3 + 6*i**2 + 4*i - 7. Determine n(a).
-2
Let y(k) = -k + 1. Let w = 121 + -118. Suppose -5*t = w*t - 2*t. What is y(t)?
1
Suppose -5 - 3 = 4*b. Let v(f) = 5*f**2 + 7*f + 8. Let j(w) be the first derivative of 4*w**3/3 + 3*w**2 + 7*w - 49. Let u(m) = 6*j(m) - 5*v(m). Determine u(b).
-4
Suppose 3*u - 11*j + 86 = -15*j, 5*u - 2*j + 74 = 0. Let h(s) = s**2 + 19*s + 19. What is h(u)?
1
Suppose 19 = 4*v - 9. Let g(q) = 3*q**2 - 21*q + 12. Let w be g(v). Suppose p = -p + w. Let t(s) = s**2 - 5*s. Determine t(p).
6
Let n = 265 - 255. Let q(m) = 2 + 14 + 8*m - 26 + m**2 + n. Give q(-9).
9
Let j(h) be the second derivative of -h**5/20 - 3*h**4/4 - 5*h**3/6 - 4*h - 387. Calculate j(-2).
-18
Suppose 211*v + 252 = 148*v. Let y(l) = -l - 5. Let d(u) = u + 3. Let c(f) = -5*d(f) - 3*y(f). Calculate c(v).
8
Let d(i) = -4*i - 5*i + 3*i - 2. Suppose 0 = -m - 4*a - 13, -2*a + 1968 - 1979 = 5*m. Calculate d(m).
4
Let p(z) = -11*z**2 - 15*z + 5. Let v(w) = -24*w**2 - 31*w + 10. Let b = 279 - 285. Let i(c) = b*v(c) + 13*p(c). Calculate i(9).
5
Let b(z) = 24023 - 24016 - 3*z + 5*z - 3*z - 2*z. Determine b(2).
1
Let w(y) be the second derivative of -3*y**3 - 71*y**2 - 9*y + 176. Determine w(-7).
-16
Let u(h) = -170*h + h**2 + 563*h - 184*h + 79 - 167*h. Determine u(-2).
-1
Let v(k) = -16*k + 86. Let h = 110 - 119. Let y(c) = 4*c - 21. Let j(n) = h*y(n) - 2*v(n). Give j(6).
-7
Let c = -10 - -17. Let k(p) be the second derivative of p**3/6 + 5*p**2/2 + 19*p - 5. What is k(c)?
12
Let i = -17 + 14. Let d be ((-5)/i)/(115/138). Let f(t) = -7*t. Calculate f(d).
-14
Let b(v) be the first derivative of 4*v**3/3 + 3*v**2/2 - v - 1. Let z(q) = -3*q**2 + 466*q - 14898. Let d be z(45). What is b(d)?
26
Let h(l) = l**2 - 9*l + 6. Suppose -4*v = -5*s + 65, 15*v + 15 = 12*v. Give h(s).
6
Let q(l) be the second derivative of -l**5/20 - l**4/3 - l**3/6 + l**2 + 5*l. Let a be q(-2). Let n(g) = -g**3 - 4*g**2 + 2. What is n(a)?
2
Let p(f) be the second derivative of -f**5/20 - 2*f**4/3 - f**3/3 - 9*f**2/2 + 98*f + 5. Determine p(-8).
7
Let b(v) be the third derivative of -7*v**4/12 + 11*v**3/3 - 7*v**2 + 118. Give b(-10).
162
Let x(s) = 240 + 6*s**2 + 4*s - 2*s + 6*s + 221 - 459. Determine x(-3).
32
Let i(p) = p**2 + 13*p + 45. Let k be -5 - (-7)/63*51 - (-85)/(-15). Determine i(k).
5
Let p(z) be the second derivative of z**5/20 + z**4/12 + z**3/6 + z**2/2 + 3*z. Suppose f = 1 + 4. Suppose -f = -o - 6. Give p(o).
0
Let j(i) = -3*i - 19. Let v = -16798 - -16793. Calculate j(v).
-4
Let z(q) = 0*q**2 - 3*q + q**3 - 57 + 24 - 2*q + 4*q**2 + 28. Let k(d) = 2 + 1 - 3*d + 0*d + 1. Let v be k(3). What is z(v)?
-5
Let n be (-152)/(-304) + 2/2*(-154)/4. Suppose -2*i = -57 - 7. Let m = i + n. Let x(w) = w**3 + 7*w**2 + 4*w - 5. Calculate x(m).
7
Let l(g) be the first derivative of g**4/4 + 2*g**3 - 4*g**2 - 5*g - 9. Suppose -4*c - b = -28, 5*b - b + 7 = c. Let w be 6/2 - (3 + c). Calculate l(w).
2
Let u be ((-2)/4)/((-3)/30). Let o(d) = d**2 - 6*d + 1. Let t be o(u). Let p(j) = -30 + 72 - 25 - 4*j + j**3 - 22 + 3*j**2 + 0*j**3. What is p(t)?
-5
Let s(o) = 4*o - 75. Suppose 173*a = 162*a + 187. Calculate s(a).
-7
Suppose -g = -3*t + 12, -4*t = g + 9 + 17. Let l(k) = k**3 + 17*k**2 - 20*k - 34. Give l(g).
2
Let k(t) be the second derivative of -t**4/12 - 13*t**3/6 + 11*t**2 - 19*t - 26. Calculate k(-15).
-8
Let s(k) = k**2 + 6*k + 7. Let w be s(-6). Let b be 0 + 0 + w - 1. Let u(q) be the second derivative of q**3/6 + q**2/2 - 600015*q. Give u(b).
7
Suppose -4*x + 4*n = 3*n - 14, -3*x + 16 = 2*n. Let a(i) = 21*i**2 - 9*i**2 + 0*i + 4*i - 11*i**2 + x. What is a(-4)?
4
Let m(u) = 2*u**3 + u**2 + 4*u + 24. Let o be m(0). Let p(c) = -c**3 + 25*c**2 - 22*c - 21. Determine p(o).
27
Let x(p) be the first derivative of -p**3/3 - 9*p**2 + 15*p - 3986. Give x(-8).
95
Let p be (-119)/(-42) + 8 - 0 - 1/(-6). Let a(k) = -k**3 + 14*k**2 - 32*k - 8. Determine a(p).
3
Let t(m) = m**3 - 8*m**2 - 4*m - 3. Suppose 258 = 63*g - 20*g. Determine t(g).
-99
Let c(m) be the second derivative of 9*m**5/20 + m**4/12 + 13*m. Let y be c(1). Let v(j) = -15 - j + y + 9. Determine v(-6).
10
Let i(j) = -j**3 - 22*j**2 - 87*j - 19. Let s be i(-5). Let c(w) = 2*w - 4. Give c(s).
-22
Let b(p) = 8*p + 1 - p - 4*p + p**2 - 2*p**2. Suppose -16*n = -21*n + 20. Let m be n/(-10) + (-88)/(-20). Calculate b(m).
-3
Let v(l) = -l**3 - 15*l**2 - 15*l - 20. Let b be (-2 - (-175)/15) + (-5)/3. Suppose -6*w - 4 = r - 11*w, b = -4*w. Determine v(r).
-6
Let g(k) = -5*k**3 + 6*k**3 + 3 - 4*k**2 - k - 2*k. Let s be (-30)/(-7)*(-1)/(6/42). Let d = s + 35. Determine g(d).
13
Let x(d) = d**2 - 18*d - 406. Let p = -33868 - -33899. Calculate x(p).
-3
Let p(j) = -j**3 + 3*j**2 + j - 3. Let z be ((-592)/(-40))/((-6)/(-75)). Let u = -182 + z. What is p(u)?
0
Let a(b) = b**2 + 12*b - 17. Let n be (-6097)/469 - (-1)/(-2)*-2. Give a(n).
-17
Let o(i) be the first derivative of 2*i**3/3 - 14*i**2 - 6*i + 1554. Determine o(14).
-6
Let c be (-10)/(-4)*-1*-2. Suppose 5*n + 3*f - 3 = c, 4*f + 20 = n. Suppose 8*l + n = 10*l. Let s(x) = -x**2 + 4*x - 3. Calculate s(l).
1
Let p(o) = -105*o**2 + 20*o + 31. Let b(s) = 37*s**2 - 7*s - 10. Let u(r) = 17*b(r) + 6*p(r). Calculate u(5).
-4
Let f(q) = 7*q + 4. Let t(r) = -68*r + 1079. Let i(l) = -2*f(l) + t(l). Give i(13).
5
Suppose -3*u + 2720 = -20*u. Let w = -154 - u. Let b(x) = -x**2 + 5*x - 1. Determine b(w).
-7
Let p(o) be the second derivative of 2*o**4/3 - 65*o**3/6 + o**2/2 + o + 232. What is p(8)?
-7
Let a(h) = 148*h + 151*h - 469*h - 94 + 156*h. Calculate a(-8).
18
Let o(z) be the third derivative of 1 - 1/8*z**4 + 0*z - 1/3*z**3 + 7*z**2. What is o(-1)?
1
Let o(p) = -412*p**2 - 401*p**2 + 22*p + 28 + p**3 + 789*p**2. Give o(23).
5
Let d(g) be the first derivative of 30 - 24 + 3*g**2 + g - 19. Calculate d(-1).
-5
Let v be (5 + -4)/(-1) + 6. Suppose v*l + 31 = 56. Let z(t) = -4*t**3 - t**2 + t + 3. Let f(s) = s**3 - s**2 + s. Let a(r) = 5*f(r) + z(r). Calculate a(l).
8
Let v(a) = 1. Let d(b) = 3*b - 13. Let x(u) = -d(u) + 4*v(u). Let f(m) = -m**3 - 55*m**2 - 102*m + 218. Let i be f(-53). Calculate x(i).
-1
Let a(c) = 8*c + 5. Let b(y) = 1. Let i(m) = -a(m) + 6*b(m). Suppose 0 = 8*j + 6 + 2. Let v be (0 - j)*(-20 - -21). Calculate i(v).
-7
Let x(z) = 15*z + 150. Let s(y) = 5*y + 59. Let l(d) = 8*s(d) - 3*x(d). Give l(12).
-38
Let q(j) = -2 + 0*j + 5 - j. Let l be ((-280)/(-840))/(2/(-30)). Determine q(l).
8
Let g(c) = 0*c + 4*c + 5*c**3 + 36*c**2 + 1074 - 1091. Calculate g(-7).
4
Let d(h) = -1050 - 1043 + 8*h + 4192 - 1041 + h**2 - 1043. Determine d(-7).
8
Suppose p + 520 = 2*k, p - 6*p + k = 2573. Let i = 518 + p. Let x(j) = -j**3 + 2*j**2 + 4*j + 4. What is x(i)?
-12
Let y(n) be the first derivative of -9 - 2*n**3 - 1/4*n**4 + 5*n**2 + 7*n. What is y(-7)?
-14
Let l(m) be the second derivative of -7*m**3/6 - m**2 + 10*m. Suppose 83 - 103 = 10*a. Give l(a).
12
Suppose 2069 = -5*u - 11*u + 2325. Let q(i) = 3*i - 62. What is q(u)?
-14
Let v(b) = -4*b + 26. Let w be v(5). Let s(n) = 2 + 5 + 6*n - 10*n + w*n. What is s(-9)?
-11
Suppose 0 = -8*d + 9*d - 2. Let h(n) = -6*n**2 - 9 - 3 - 2*n + 33*n**3 + 15*n**d - 32*n**3. Calculate h(-9).
6
Let n = 4311 - 4305. Let h(t) = -t**3 + 9*t**2 - 6*t + 8. Give h(n).
80
Let n(v) = -v**3 + 7*v**2 + 9*v + 3. Let a(r) = 2*r. Let k(i) = -9*i - 67. Let z(h) = 6*a(h) + k(h). Let s be z(25). What is n(